{"id":15268,"date":"2022-03-14T09:42:51","date_gmt":"2022-03-14T01:42:51","guid":{"rendered":"https:\/\/www.ftsafe.com\/payment\/?page_id=15268"},"modified":"2022-03-14T09:51:00","modified_gmt":"2022-03-14T01:51:00","slug":"food-beverage-4","status":"publish","type":"page","link":"https:\/\/www.ftsafe.com\/payment\/es\/food-beverage-4\/","title":{"rendered":"Food &#038; Beverage"},"content":{"rendered":"\t\t<div data-elementor-type=\"wp-page\" data-elementor-id=\"15268\" class=\"elementor elementor-15268\" data-elementor-settings=\"[]\">\n\t\t\t\t\t\t<div class=\"elementor-inner\">\n\t\t\t\t\t\t\t<div class=\"elementor-section-wrap\">\n\t\t\t\t\t\t\t<section class=\"elementor-section elementor-top-section elementor-element elementor-element-ce86f74 elementor-section-full_width elementor-section-height-default elementor-section-height-default\" data-id=\"ce86f74\" data-element_type=\"section\">\n\t\t\t\t\t\t<div class=\"elementor-container elementor-column-gap-default\">\n\t\t\t\t\t\t\t<div class=\"elementor-row\">\n\t\t\t\t\t<div class=\"elementor-column elementor-col-100 elementor-top-column elementor-element elementor-element-f7beca1\" data-id=\"f7beca1\" data-element_type=\"column\">\n\t\t\t<div class=\"elementor-column-wrap elementor-element-populated\">\n\t\t\t\t\t\t\t<div class=\"elementor-widget-wrap\">\n\t\t\t\t\t\t<div class=\"elementor-element elementor-element-69a7d06 elementor-widget elementor-widget-image\" data-id=\"69a7d06\" data-element_type=\"widget\" data-widget_type=\"image.default\">\n\t\t\t\t<div class=\"elementor-widget-container\">\n\t\t\t\t\t<div class=\"elementor-image\">\n\t\t\t\t\t\t\t\t\t\t<img loading=\"lazy\" decoding=\"async\" width=\"1920\" height=\"810\" src=\"https:\/\/www.ftsafe.com\/payment\/wp-content\/uploads\/2022\/03\/S.jpg\" class=\"attachment-full size-full\" alt=\"\" srcset=\"https:\/\/www.ftsafe.com\/payment\/wp-content\/uploads\/2022\/03\/S.jpg 1920w, https:\/\/www.ftsafe.com\/payment\/wp-content\/uploads\/2022\/03\/S-300x127.jpg 300w, https:\/\/www.ftsafe.com\/payment\/wp-content\/uploads\/2022\/03\/S-1024x432.jpg 1024w, https:\/\/www.ftsafe.com\/payment\/wp-content\/uploads\/2022\/03\/S-768x324.jpg 768w, https:\/\/www.ftsafe.com\/payment\/wp-content\/uploads\/2022\/03\/S-1536x648.jpg 1536w, https:\/\/www.ftsafe.com\/payment\/wp-content\/uploads\/2022\/03\/S-24x10.jpg 24w, https:\/\/www.ftsafe.com\/payment\/wp-content\/uploads\/2022\/03\/S-36x15.jpg 36w, https:\/\/www.ftsafe.com\/payment\/wp-content\/uploads\/2022\/03\/S-48x20.jpg 48w\" sizes=\"(max-width: 1920px) 100vw, 1920px\" \/>\t\t\t\t\t\t\t\t\t\t\t<\/div>\n\t\t\t\t<\/div>\n\t\t\t\t<\/div>\n\t\t\t\t\t\t<\/div>\n\t\t\t\t\t<\/div>\n\t\t<\/div>\n\t\t\t\t\t\t\t\t<\/div>\n\t\t\t\t\t<\/div>\n\t\t<\/section>\n\t\t\t\t<section class=\"elementor-section elementor-top-section elementor-element elementor-element-7029d89 elementor-section-boxed elementor-section-height-default elementor-section-height-default\" data-id=\"7029d89\" data-element_type=\"section\" data-settings=\"{&quot;background_background&quot;:&quot;classic&quot;}\">\n\t\t\t\t\t\t<div class=\"elementor-container elementor-column-gap-default\">\n\t\t\t\t\t\t\t<div class=\"elementor-row\">\n\t\t\t\t\t<div class=\"elementor-column elementor-col-50 elementor-top-column elementor-element elementor-element-e7c5d6d animated-slow elementor-invisible\" data-id=\"e7c5d6d\" data-element_type=\"column\" data-settings=\"{&quot;background_background&quot;:&quot;classic&quot;,&quot;animation&quot;:&quot;fadeInLeft&quot;,&quot;animation_delay&quot;:100}\">\n\t\t\t<div class=\"elementor-column-wrap elementor-element-populated\">\n\t\t\t\t\t\t\t<div class=\"elementor-widget-wrap\">\n\t\t\t\t\t\t<div class=\"elementor-element elementor-element-624d891 elementor-position-top elementor-vertical-align-top elementor-widget elementor-widget-image-box\" data-id=\"624d891\" data-element_type=\"widget\" data-widget_type=\"image-box.default\">\n\t\t\t\t<div class=\"elementor-widget-container\">\n\t\t\t<div class=\"elementor-image-box-wrapper\"><figure class=\"elementor-image-box-img\"><img loading=\"lazy\" decoding=\"async\" width=\"753\" height=\"463\" src=\"https:\/\/www.ftsafe.com\/payment\/wp-content\/uploads\/2021\/05\/img01-1.png\" class=\"attachment-full size-full\" alt=\"\" srcset=\"https:\/\/www.ftsafe.com\/payment\/wp-content\/uploads\/2021\/05\/img01-1.png 753w, https:\/\/www.ftsafe.com\/payment\/wp-content\/uploads\/2021\/05\/img01-1-300x184.png 300w, https:\/\/www.ftsafe.com\/payment\/wp-content\/uploads\/2021\/05\/img01-1-24x15.png 24w, https:\/\/www.ftsafe.com\/payment\/wp-content\/uploads\/2021\/05\/img01-1-36x22.png 36w, https:\/\/www.ftsafe.com\/payment\/wp-content\/uploads\/2021\/05\/img01-1-48x30.png 48w\" sizes=\"(max-width: 753px) 100vw, 753px\" \/><\/figure><div class=\"elementor-image-box-content\"><h3 class=\"elementor-image-box-title\">Around-table Kiosks<\/h3><p class=\"elementor-image-box-description\">Realice pedido around-table y acceptaci\u00f3n de pago y cut queues<\/p><\/div><\/div>\t\t<\/div>\n\t\t\t\t<\/div>\n\t\t\t\t\t\t<\/div>\n\t\t\t\t\t<\/div>\n\t\t<\/div>\n\t\t\t\t<div class=\"elementor-column elementor-col-50 elementor-top-column elementor-element elementor-element-fd5c785 animated-slow elementor-invisible\" data-id=\"fd5c785\" data-element_type=\"column\" data-settings=\"{&quot;background_background&quot;:&quot;classic&quot;,&quot;animation&quot;:&quot;fadeInRight&quot;,&quot;animation_delay&quot;:100}\">\n\t\t\t<div class=\"elementor-column-wrap elementor-element-populated\">\n\t\t\t\t\t\t\t<div class=\"elementor-widget-wrap\">\n\t\t\t\t\t\t<div class=\"elementor-element elementor-element-f2c865c elementor-position-top elementor-vertical-align-top elementor-widget elementor-widget-image-box\" data-id=\"f2c865c\" data-element_type=\"widget\" data-widget_type=\"image-box.default\">\n\t\t\t\t<div class=\"elementor-widget-container\">\n\t\t\t<div class=\"elementor-image-box-wrapper\"><figure class=\"elementor-image-box-img\"><img loading=\"lazy\" decoding=\"async\" width=\"753\" height=\"463\" src=\"https:\/\/www.ftsafe.com\/payment\/wp-content\/uploads\/2021\/06\/img02-5.png\" class=\"attachment-full size-full\" alt=\"\" srcset=\"https:\/\/www.ftsafe.com\/payment\/wp-content\/uploads\/2021\/06\/img02-5.png 753w, https:\/\/www.ftsafe.com\/payment\/wp-content\/uploads\/2021\/06\/img02-5-300x184.png 300w, https:\/\/www.ftsafe.com\/payment\/wp-content\/uploads\/2021\/06\/img02-5-24x15.png 24w, https:\/\/www.ftsafe.com\/payment\/wp-content\/uploads\/2021\/06\/img02-5-36x22.png 36w, https:\/\/www.ftsafe.com\/payment\/wp-content\/uploads\/2021\/06\/img02-5-48x30.png 48w\" sizes=\"(max-width: 753px) 100vw, 753px\" \/><\/figure><div class=\"elementor-image-box-content\"><h3 class=\"elementor-image-box-title\">Recibir To-go o entrega de pedidos<\/h3><p class=\"elementor-image-box-description\">Con los terminales FEITIAN, puede recibir pedidos para llevar o de entrega desde aplicaciones con transmisi\u00f3n de voz<\/p><\/div><\/div>\t\t<\/div>\n\t\t\t\t<\/div>\n\t\t\t\t\t\t<\/div>\n\t\t\t\t\t<\/div>\n\t\t<\/div>\n\t\t\t\t\t\t\t\t<\/div>\n\t\t\t\t\t<\/div>\n\t\t<\/section>\n\t\t\t\t<section class=\"elementor-section elementor-top-section elementor-element elementor-element-9d4bb46 elementor-section-boxed elementor-section-height-default elementor-section-height-default\" data-id=\"9d4bb46\" data-element_type=\"section\" data-settings=\"{&quot;background_background&quot;:&quot;classic&quot;}\">\n\t\t\t\t\t\t<div class=\"elementor-container elementor-column-gap-default\">\n\t\t\t\t\t\t\t<div class=\"elementor-row\">\n\t\t\t\t\t<div class=\"elementor-column elementor-col-50 elementor-top-column elementor-element elementor-element-14c6511 animated-slow elementor-invisible\" data-id=\"14c6511\" data-element_type=\"column\" data-settings=\"{&quot;animation&quot;:&quot;fadeInLeft&quot;,&quot;animation_delay&quot;:100,&quot;background_background&quot;:&quot;classic&quot;}\">\n\t\t\t<div class=\"elementor-column-wrap elementor-element-populated\">\n\t\t\t\t\t\t\t<div class=\"elementor-widget-wrap\">\n\t\t\t\t\t\t<div class=\"elementor-element elementor-element-2e94f1d elementor-vertical-align-middle elementor-position-top elementor-widget elementor-widget-image-box\" data-id=\"2e94f1d\" data-element_type=\"widget\" data-widget_type=\"image-box.default\">\n\t\t\t\t<div class=\"elementor-widget-container\">\n\t\t\t<div class=\"elementor-image-box-wrapper\"><figure class=\"elementor-image-box-img\"><img loading=\"lazy\" decoding=\"async\" width=\"753\" height=\"463\" src=\"https:\/\/www.ftsafe.com\/payment\/wp-content\/uploads\/2021\/05\/img03-1.png\" class=\"attachment-full size-full\" alt=\"\" srcset=\"https:\/\/www.ftsafe.com\/payment\/wp-content\/uploads\/2021\/05\/img03-1.png 753w, https:\/\/www.ftsafe.com\/payment\/wp-content\/uploads\/2021\/05\/img03-1-300x184.png 300w, https:\/\/www.ftsafe.com\/payment\/wp-content\/uploads\/2021\/05\/img03-1-24x15.png 24w, https:\/\/www.ftsafe.com\/payment\/wp-content\/uploads\/2021\/05\/img03-1-36x22.png 36w, https:\/\/www.ftsafe.com\/payment\/wp-content\/uploads\/2021\/05\/img03-1-48x30.png 48w\" sizes=\"(max-width: 753px) 100vw, 753px\" \/><\/figure><div class=\"elementor-image-box-content\"><h3 class=\"elementor-image-box-title\">Cup\u00f3n de descuentos<\/h3><p class=\"elementor-image-box-description\">Emitir cupones de descuentos con terminales FEITIAN para promover ventas y atraer m\u00e1s clientes<\/p><\/div><\/div>\t\t<\/div>\n\t\t\t\t<\/div>\n\t\t\t\t\t\t<\/div>\n\t\t\t\t\t<\/div>\n\t\t<\/div>\n\t\t\t\t<div class=\"elementor-column elementor-col-50 elementor-top-column elementor-element elementor-element-37683b7 animated-slow elementor-invisible\" data-id=\"37683b7\" data-element_type=\"column\" data-settings=\"{&quot;animation&quot;:&quot;fadeInRight&quot;,&quot;animation_delay&quot;:100,&quot;background_background&quot;:&quot;classic&quot;}\">\n\t\t\t<div class=\"elementor-column-wrap elementor-element-populated\">\n\t\t\t\t\t\t\t<div class=\"elementor-widget-wrap\">\n\t\t\t\t\t\t<div class=\"elementor-element elementor-element-0156eab elementor-position-top elementor-vertical-align-top elementor-widget elementor-widget-image-box\" data-id=\"0156eab\" data-element_type=\"widget\" data-widget_type=\"image-box.default\">\n\t\t\t\t<div class=\"elementor-widget-container\">\n\t\t\t<div class=\"elementor-image-box-wrapper\"><figure class=\"elementor-image-box-img\"><img loading=\"lazy\" decoding=\"async\" width=\"753\" height=\"463\" src=\"https:\/\/www.ftsafe.com\/payment\/wp-content\/uploads\/2021\/05\/img04-1.png\" class=\"attachment-full size-full\" alt=\"\" srcset=\"https:\/\/www.ftsafe.com\/payment\/wp-content\/uploads\/2021\/05\/img04-1.png 753w, https:\/\/www.ftsafe.com\/payment\/wp-content\/uploads\/2021\/05\/img04-1-300x184.png 300w, https:\/\/www.ftsafe.com\/payment\/wp-content\/uploads\/2021\/05\/img04-1-24x15.png 24w, https:\/\/www.ftsafe.com\/payment\/wp-content\/uploads\/2021\/05\/img04-1-36x22.png 36w, https:\/\/www.ftsafe.com\/payment\/wp-content\/uploads\/2021\/05\/img04-1-48x30.png 48w\" sizes=\"(max-width: 753px) 100vw, 753px\" \/><\/figure><div class=\"elementor-image-box-content\"><h3 class=\"elementor-image-box-title\">Gesti\u00f3n de membres\u00eda<\/h3><p class=\"elementor-image-box-description\">Admite la acumulaci\u00f3n de puntos de membres\u00eda, la emisi\u00f3n de tarjetas f\u00edsicas y virtuales<\/p><\/div><\/div>\t\t<\/div>\n\t\t\t\t<\/div>\n\t\t\t\t\t\t<\/div>\n\t\t\t\t\t<\/div>\n\t\t<\/div>\n\t\t\t\t\t\t\t\t<\/div>\n\t\t\t\t\t<\/div>\n\t\t<\/section>\n\t\t\t\t<section class=\"elementor-section elementor-top-section elementor-element elementor-element-a7cbe0a elementor-section-boxed elementor-section-height-default elementor-section-height-default\" data-id=\"a7cbe0a\" data-element_type=\"section\" data-settings=\"{&quot;background_background&quot;:&quot;classic&quot;}\">\n\t\t\t\t\t\t<div class=\"elementor-container elementor-column-gap-default\">\n\t\t\t\t\t\t\t<div class=\"elementor-row\">\n\t\t\t\t\t<div class=\"elementor-column elementor-col-50 elementor-top-column elementor-element elementor-element-7a403b3 animated-slow elementor-invisible\" data-id=\"7a403b3\" data-element_type=\"column\" data-settings=\"{&quot;animation&quot;:&quot;fadeInLeft&quot;,&quot;animation_delay&quot;:100,&quot;background_background&quot;:&quot;classic&quot;}\">\n\t\t\t<div class=\"elementor-column-wrap elementor-element-populated\">\n\t\t\t\t\t\t\t<div class=\"elementor-widget-wrap\">\n\t\t\t\t\t\t<div class=\"elementor-element elementor-element-203fe04 elementor-position-top elementor-vertical-align-top elementor-widget elementor-widget-image-box\" data-id=\"203fe04\" data-element_type=\"widget\" data-widget_type=\"image-box.default\">\n\t\t\t\t<div class=\"elementor-widget-container\">\n\t\t\t<div class=\"elementor-image-box-wrapper\"><figure class=\"elementor-image-box-img\"><img loading=\"lazy\" decoding=\"async\" width=\"753\" height=\"463\" src=\"https:\/\/www.ftsafe.com\/payment\/wp-content\/uploads\/2021\/06\/img05-3.png\" class=\"attachment-full size-full\" alt=\"\" srcset=\"https:\/\/www.ftsafe.com\/payment\/wp-content\/uploads\/2021\/06\/img05-3.png 753w, https:\/\/www.ftsafe.com\/payment\/wp-content\/uploads\/2021\/06\/img05-3-300x184.png 300w, https:\/\/www.ftsafe.com\/payment\/wp-content\/uploads\/2021\/06\/img05-3-24x15.png 24w, https:\/\/www.ftsafe.com\/payment\/wp-content\/uploads\/2021\/06\/img05-3-36x22.png 36w, https:\/\/www.ftsafe.com\/payment\/wp-content\/uploads\/2021\/06\/img05-3-48x30.png 48w\" sizes=\"(max-width: 753px) 100vw, 753px\" \/><\/figure><div class=\"elementor-image-box-content\"><h3 class=\"elementor-image-box-title\">Pago omnicanal<\/h3><p class=\"elementor-image-box-description\">Sea efectivo, tarjeta bancaria, A54 c\u00f3digo QR o carteras digitales como Alipay y Wechat, simplemente puede aceptar todo con un solo dispositivo<\/p><\/div><\/div>\t\t<\/div>\n\t\t\t\t<\/div>\n\t\t\t\t\t\t<\/div>\n\t\t\t\t\t<\/div>\n\t\t<\/div>\n\t\t\t\t<div class=\"elementor-column elementor-col-50 elementor-top-column elementor-element elementor-element-dd1be00 animated-slow elementor-invisible\" data-id=\"dd1be00\" data-element_type=\"column\" data-settings=\"{&quot;animation&quot;:&quot;fadeInRight&quot;,&quot;animation_delay&quot;:100,&quot;background_background&quot;:&quot;classic&quot;}\">\n\t\t\t<div class=\"elementor-column-wrap elementor-element-populated\">\n\t\t\t\t\t\t\t<div class=\"elementor-widget-wrap\">\n\t\t\t\t\t\t<div class=\"elementor-element elementor-element-c329427 elementor-position-top elementor-vertical-align-top elementor-widget elementor-widget-image-box\" data-id=\"c329427\" data-element_type=\"widget\" data-widget_type=\"image-box.default\">\n\t\t\t\t<div class=\"elementor-widget-container\">\n\t\t\t<div class=\"elementor-image-box-wrapper\"><figure class=\"elementor-image-box-img\"><img loading=\"lazy\" decoding=\"async\" width=\"753\" height=\"463\" src=\"https:\/\/www.ftsafe.com\/payment\/wp-content\/uploads\/2021\/06\/img06-3.png\" class=\"attachment-full size-full\" alt=\"\" srcset=\"https:\/\/www.ftsafe.com\/payment\/wp-content\/uploads\/2021\/06\/img06-3.png 753w, https:\/\/www.ftsafe.com\/payment\/wp-content\/uploads\/2021\/06\/img06-3-300x184.png 300w, https:\/\/www.ftsafe.com\/payment\/wp-content\/uploads\/2021\/06\/img06-3-24x15.png 24w, https:\/\/www.ftsafe.com\/payment\/wp-content\/uploads\/2021\/06\/img06-3-36x22.png 36w, https:\/\/www.ftsafe.com\/payment\/wp-content\/uploads\/2021\/06\/img06-3-48x30.png 48w\" sizes=\"(max-width: 753px) 100vw, 753px\" \/><\/figure><div class=\"elementor-image-box-content\"><h3 class=\"elementor-image-box-title\">Gesti\u00f3n<\/h3><p class=\"elementor-image-box-description\">Informe comercial, gesti\u00f3n de proveedores, impresi\u00f3n de recibos y muchos m\u00e1s<\/p><\/div><\/div>\t\t<\/div>\n\t\t\t\t<\/div>\n\t\t\t\t\t\t<\/div>\n\t\t\t\t\t<\/div>\n\t\t<\/div>\n\t\t\t\t\t\t\t\t<\/div>\n\t\t\t\t\t<\/div>\n\t\t<\/section>\n\t\t\t\t\t\t<\/div>\n\t\t\t\t\t\t<\/div>\n\t\t\t\t\t<\/div>\n\t\t","protected":false},"excerpt":{"rendered":"<p>Around-table Kiosks Realice pedido around-table y acceptaci\u00f3n de pago y cut queues Recibir To-go o entrega de pedidos Con los terminales FEITIAN, puede recibir pedidos para llevar o de entrega desde aplicaciones con transmisi\u00f3n de voz Cup\u00f3n de descuentos Emitir cupones de descuentos con terminales FEITIAN para promover ventas y atraer m\u00e1s clientes Gesti\u00f3n de [&hellip;]<\/p>\n","protected":false},"author":1,"featured_media":0,"parent":0,"menu_order":0,"comment_status":"closed","ping_status":"closed","template":"elementor_header_footer","meta":{"footnotes":""},"_links":{"self":[{"href":"https:\/\/www.ftsafe.com\/payment\/wp-json\/wp\/v2\/pages\/15268"}],"collection":[{"href":"https:\/\/www.ftsafe.com\/payment\/wp-json\/wp\/v2\/pages"}],"about":[{"href":"https:\/\/www.ftsafe.com\/payment\/wp-json\/wp\/v2\/types\/page"}],"author":[{"embeddable":true,"href":"https:\/\/www.ftsafe.com\/payment\/wp-json\/wp\/v2\/users\/1"}],"replies":[{"embeddable":true,"href":"https:\/\/www.ftsafe.com\/payment\/wp-json\/wp\/v2\/comments?post=15268"}],"version-history":[{"count":4,"href":"https:\/\/www.ftsafe.com\/payment\/wp-json\/wp\/v2\/pages\/15268\/revisions"}],"predecessor-version":[{"id":15285,"href":"https:\/\/www.ftsafe.com\/payment\/wp-json\/wp\/v2\/pages\/15268\/revisions\/15285"}],"wp:attachment":[{"href":"https:\/\/www.ftsafe.com\/payment\/wp-json\/wp\/v2\/media?parent=15268"}],"curies":[{"name":"wp","href":"https:\/\/api.w.org\/{rel}","templated":true}]}}